{"id":113,"date":"2021-06-16T08:50:15","date_gmt":"2021-06-16T08:50:15","guid":{"rendered":"http:\/\/kfzgutachter-osnabrueck.de\/?page_id=113"},"modified":"2021-06-20T18:09:24","modified_gmt":"2021-06-20T18:09:24","slug":"ihr-kfz-gutachter","status":"publish","type":"page","link":"https:\/\/kfzgutachter-osnabrueck.de\/index.php\/ihr-kfz-gutachter\/","title":{"rendered":"Ihr Kfz-Gutachter"},"content":{"rendered":"\t\t<div data-elementor-type=\"wp-page\" data-elementor-id=\"113\" class=\"elementor elementor-113\">\n\t\t\t\t\t\t<div class=\"elementor-inner\">\n\t\t\t\t<div class=\"elementor-section-wrap\">\n\t\t\t\t\t\t\t\t\t<section class=\"elementor-section elementor-top-section elementor-element elementor-element-28748fab elementor-section-height-min-height elementor-section-boxed elementor-section-height-default elementor-section-items-middle\" data-id=\"28748fab\" data-element_type=\"section\" data-settings=\"{&quot;background_background&quot;:&quot;classic&quot;}\">\n\t\t\t\t\t\t\t<div class=\"elementor-background-overlay\"><\/div>\n\t\t\t\t\t\t\t<div class=\"elementor-container elementor-column-gap-default\">\n\t\t\t\t\t\t\t<div class=\"elementor-row\">\n\t\t\t\t\t<div class=\"elementor-column elementor-col-50 elementor-top-column elementor-element elementor-element-324e0e56\" data-id=\"324e0e56\" data-element_type=\"column\" data-settings=\"{&quot;background_background&quot;:&quot;classic&quot;}\">\n\t\t\t<div class=\"elementor-column-wrap elementor-element-populated\">\n\t\t\t\t\t\t\t<div class=\"elementor-widget-wrap\">\n\t\t\t\t\t\t<div class=\"elementor-element elementor-element-236315d8 elementor-widget elementor-widget-heading\" data-id=\"236315d8\" data-element_type=\"widget\" data-widget_type=\"heading.default\">\n\t\t\t\t<div class=\"elementor-widget-container\">\n\t\t\t<div class=\"elementor-heading-title elementor-size-default\">Ihr Kfz-Gutachter<\/div>\t\t<\/div>\n\t\t\t\t<\/div>\n\t\t\t\t<div class=\"elementor-element elementor-element-11dc4b45 elementor-widget-divider--view-line elementor-widget elementor-widget-divider\" data-id=\"11dc4b45\" data-element_type=\"widget\" data-widget_type=\"divider.default\">\n\t\t\t\t<div class=\"elementor-widget-container\">\n\t\t\t\t\t<div class=\"elementor-divider\">\n\t\t\t<span class=\"elementor-divider-separator\">\n\t\t\t\t\t\t<\/span>\n\t\t<\/div>\n\t\t\t\t<\/div>\n\t\t\t\t<\/div>\n\t\t\t\t<div class=\"elementor-element elementor-element-2148d8f8 elementor-widget elementor-widget-heading\" data-id=\"2148d8f8\" data-element_type=\"widget\" data-widget_type=\"heading.default\">\n\t\t\t\t<div class=\"elementor-widget-container\">\n\t\t\t<h1 class=\"elementor-heading-title elementor-size-default\">Kfz-Gutachter Osnabr\u00fcck<br>Carsten Reese<\/h1>\t\t<\/div>\n\t\t\t\t<\/div>\n\t\t\t\t\t\t<\/div>\n\t\t\t\t\t<\/div>\n\t\t<\/div>\n\t\t\t\t<div class=\"elementor-column elementor-col-50 elementor-top-column elementor-element elementor-element-5fef5471\" data-id=\"5fef5471\" data-element_type=\"column\">\n\t\t\t<div class=\"elementor-column-wrap\">\n\t\t\t\t\t\t\t<div class=\"elementor-widget-wrap\">\n\t\t\t\t\t\t\t\t<\/div>\n\t\t\t\t\t<\/div>\n\t\t<\/div>\n\t\t\t\t\t\t\t\t<\/div>\n\t\t\t\t\t<\/div>\n\t\t<\/section>\n\t\t\t\t<section class=\"elementor-section elementor-top-section elementor-element elementor-element-50ba3c46 elementor-section-boxed elementor-section-height-default elementor-section-height-default\" data-id=\"50ba3c46\" data-element_type=\"section\" data-settings=\"{&quot;animation&quot;:&quot;none&quot;}\">\n\t\t\t\t\t\t<div class=\"elementor-container elementor-column-gap-default\">\n\t\t\t\t\t\t\t<div class=\"elementor-row\">\n\t\t\t\t\t<div class=\"elementor-column elementor-col-100 elementor-top-column elementor-element elementor-element-1a05e14d\" data-id=\"1a05e14d\" data-element_type=\"column\" data-settings=\"{&quot;animation&quot;:&quot;none&quot;}\">\n\t\t\t<div class=\"elementor-column-wrap elementor-element-populated\">\n\t\t\t\t\t\t\t<div class=\"elementor-widget-wrap\">\n\t\t\t\t\t\t<div class=\"elementor-element elementor-element-7b68f3b5 elementor-widget elementor-widget-heading\" data-id=\"7b68f3b5\" data-element_type=\"widget\" data-widget_type=\"heading.default\">\n\t\t\t\t<div class=\"elementor-widget-container\">\n\t\t\t<h2 class=\"elementor-heading-title elementor-size-default\">Gute Gr\u00fcnde f\u00fcr einen unabh\u00e4ngigen Kfz-Gutachter<\/h2>\t\t<\/div>\n\t\t\t\t<\/div>\n\t\t\t\t<div class=\"elementor-element elementor-element-518f22ae elementor-widget elementor-widget-text-editor\" data-id=\"518f22ae\" data-element_type=\"widget\" data-widget_type=\"text-editor.default\">\n\t\t\t\t<div class=\"elementor-widget-container\">\n\t\t\t\t\t\t\t\t<div class=\"elementor-text-editor elementor-clearfix\">\n\t\t\t\t<p>W\u00e4hrend die Kfz-Gutachter der Versicherungen meist daran interessiert sind, den Schaden m\u00f6glichst gering einzusch\u00e4tzen, bleiben wir sachlich und neutral. Als Betroffener eines Unfalls haben Sie in vielen F\u00e4llen genug durchgemacht und m\u00f6chten sich nicht zus\u00e4tzlich mit Ihrer Versicherung streiten. Mit uns als Ihrem unabh\u00e4ngigen Kfz-Gutachter aus Osnabr\u00fcck setzen Sie auf ganzheitliche L\u00f6sungen.<\/p>\t\t\t\t\t<\/div>\n\t\t\t\t\t\t<\/div>\n\t\t\t\t<\/div>\n\t\t\t\t<div class=\"elementor-element elementor-element-1bc3d8c elementor-widget-divider--view-line elementor-widget elementor-widget-divider\" data-id=\"1bc3d8c\" data-element_type=\"widget\" data-widget_type=\"divider.default\">\n\t\t\t\t<div class=\"elementor-widget-container\">\n\t\t\t\t\t<div class=\"elementor-divider\">\n\t\t\t<span class=\"elementor-divider-separator\">\n\t\t\t\t\t\t<\/span>\n\t\t<\/div>\n\t\t\t\t<\/div>\n\t\t\t\t<\/div>\n\t\t\t\t\t\t<\/div>\n\t\t\t\t\t<\/div>\n\t\t<\/div>\n\t\t\t\t\t\t\t\t<\/div>\n\t\t\t\t\t<\/div>\n\t\t<\/section>\n\t\t\t\t<section class=\"elementor-section elementor-top-section elementor-element elementor-element-26a04c6b elementor-section-boxed elementor-section-height-default elementor-section-height-default\" data-id=\"26a04c6b\" data-element_type=\"section\">\n\t\t\t\t\t\t<div class=\"elementor-container elementor-column-gap-default\">\n\t\t\t\t\t\t\t<div class=\"elementor-row\">\n\t\t\t\t\t<div class=\"elementor-column elementor-col-100 elementor-top-column elementor-element elementor-element-7b0ca6a9\" data-id=\"7b0ca6a9\" data-element_type=\"column\">\n\t\t\t<div class=\"elementor-column-wrap elementor-element-populated\">\n\t\t\t\t\t\t\t<div class=\"elementor-widget-wrap\">\n\t\t\t\t\t\t<div class=\"elementor-element elementor-element-22f4a563 elementor-widget elementor-widget-heading\" data-id=\"22f4a563\" data-element_type=\"widget\" data-widget_type=\"heading.default\">\n\t\t\t\t<div class=\"elementor-widget-container\">\n\t\t\t<h2 class=\"elementor-heading-title elementor-size-default\">So l\u00e4uft die Begutachtung bei uns ab<\/h2>\t\t<\/div>\n\t\t\t\t<\/div>\n\t\t\t\t<div class=\"elementor-element elementor-element-7b9ef65e elementor-widget elementor-widget-text-editor\" data-id=\"7b9ef65e\" data-element_type=\"widget\" data-widget_type=\"text-editor.default\">\n\t\t\t\t<div class=\"elementor-widget-container\">\n\t\t\t\t\t\t\t\t<div class=\"elementor-text-editor elementor-clearfix\">\n\t\t\t\t<div class=\"sp4 left col-left\"><div id=\"c1553\" class=\"ctype-text\"><div class=\"article\"><p>Ein weiterer Vorteil ist die schnelle und verl\u00e4ssliche Abwicklung, ohne dass Sie zun\u00e4chst vor Ort bei unserem Service vorstellig werden m\u00fcssen. Wir widmen uns von Beginn an Ihrem Schaden und stellen Ihnen das vollst\u00e4ndige Gutachten zur Verf\u00fcgung. Als Unfallbeteiligter haben Sie an dieser Stelle immer die M\u00f6glichkeit, Ihren Gutachter selbst zu w\u00e4hlen und auf echte Expertise zu vertrauen.<\/p><\/div><\/div><\/div>\t\t\t\t\t<\/div>\n\t\t\t\t\t\t<\/div>\n\t\t\t\t<\/div>\n\t\t\t\t<section class=\"elementor-section elementor-inner-section elementor-element elementor-element-2ee988f2 elementor-section-boxed elementor-section-height-default elementor-section-height-default\" data-id=\"2ee988f2\" data-element_type=\"section\">\n\t\t\t\t\t\t<div class=\"elementor-container elementor-column-gap-default\">\n\t\t\t\t\t\t\t<div class=\"elementor-row\">\n\t\t\t\t\t<div class=\"elementor-column elementor-col-25 elementor-inner-column elementor-element elementor-element-13f07600\" data-id=\"13f07600\" data-element_type=\"column\">\n\t\t\t<div class=\"elementor-column-wrap elementor-element-populated\">\n\t\t\t\t\t\t\t<div class=\"elementor-widget-wrap\">\n\t\t\t\t\t\t<div class=\"elementor-element elementor-element-77fc98ad elementor-position-top elementor-vertical-align-top elementor-widget elementor-widget-image-box\" data-id=\"77fc98ad\" data-element_type=\"widget\" data-widget_type=\"image-box.default\">\n\t\t\t\t<div class=\"elementor-widget-container\">\n\t\t\t<div class=\"elementor-image-box-wrapper\"><figure class=\"elementor-image-box-img\"><img width=\"100\" height=\"100\" src=\"https:\/\/kfzgutachter-osnabrueck.de\/wp-content\/uploads\/2021\/06\/icons8-heute-100.png\" class=\"attachment-full size-full\" alt=\"\" loading=\"lazy\" \/><\/figure><div class=\"elementor-image-box-content\"><h3 class=\"elementor-image-box-title\">Terminvereinbarung<\/h3><p class=\"elementor-image-box-description\">Um Sie bestm\u00f6glich bei der Fahrzeugbegutachtung zu unterst\u00fctzen, k\u00f6nnen Sie bei uns auch kurzfristig Ihren Termin vereinbaren. Schreiben Sie uns hierzu einfach eine kurze Mail oder rufen Sie uns an. Bei Transportschwierigkeiten kommen wir f\u00fcr den Termin gerne direkt zu Ihnen.<\/p><\/div><\/div>\t\t<\/div>\n\t\t\t\t<\/div>\n\t\t\t\t\t\t<\/div>\n\t\t\t\t\t<\/div>\n\t\t<\/div>\n\t\t\t\t<div class=\"elementor-column elementor-col-25 elementor-inner-column elementor-element elementor-element-650089fe\" data-id=\"650089fe\" data-element_type=\"column\">\n\t\t\t<div class=\"elementor-column-wrap elementor-element-populated\">\n\t\t\t\t\t\t\t<div class=\"elementor-widget-wrap\">\n\t\t\t\t\t\t<div class=\"elementor-element elementor-element-11d8b4ea elementor-position-top elementor-vertical-align-top elementor-widget elementor-widget-image-box\" data-id=\"11d8b4ea\" data-element_type=\"widget\" data-widget_type=\"image-box.default\">\n\t\t\t\t<div class=\"elementor-widget-container\">\n\t\t\t<div class=\"elementor-image-box-wrapper\"><figure class=\"elementor-image-box-img\"><img width=\"100\" height=\"100\" src=\"https:\/\/kfzgutachter-osnabrueck.de\/wp-content\/uploads\/2021\/06\/icons8-auto-service-100.png\" class=\"attachment-full size-full\" alt=\"\" loading=\"lazy\" \/><\/figure><div class=\"elementor-image-box-content\"><h3 class=\"elementor-image-box-title\">Fahrzeuganalyse<\/h3><p class=\"elementor-image-box-description\">Im Rahmen der Fahrzeugbesichtigung sch\u00e4tzen wir den Schaden im Detail ein. Sollte der Unfall noch frisch sein, f\u00fchren wir die Erstanalyse bei Bedarf sogar am Unfallort durch. Hierbei dokumentieren wir jeden Schaden, um anschlie\u00dfend ein vollst\u00e4ndiges Gutachten zu erstellen.<\/p><\/div><\/div>\t\t<\/div>\n\t\t\t\t<\/div>\n\t\t\t\t\t\t<\/div>\n\t\t\t\t\t<\/div>\n\t\t<\/div>\n\t\t\t\t<div class=\"elementor-column elementor-col-25 elementor-inner-column elementor-element elementor-element-6b9d7894\" data-id=\"6b9d7894\" data-element_type=\"column\">\n\t\t\t<div class=\"elementor-column-wrap elementor-element-populated\">\n\t\t\t\t\t\t\t<div class=\"elementor-widget-wrap\">\n\t\t\t\t\t\t<div class=\"elementor-element elementor-element-2483371b elementor-position-top elementor-vertical-align-top elementor-widget elementor-widget-image-box\" data-id=\"2483371b\" data-element_type=\"widget\" data-widget_type=\"image-box.default\">\n\t\t\t\t<div class=\"elementor-widget-container\">\n\t\t\t<div class=\"elementor-image-box-wrapper\"><figure class=\"elementor-image-box-img\"><img width=\"100\" height=\"100\" src=\"https:\/\/kfzgutachter-osnabrueck.de\/wp-content\/uploads\/2021\/06\/icons8-rechnungsmaschine-100.png\" class=\"attachment-full size-full\" alt=\"\" loading=\"lazy\" \/><\/figure><div class=\"elementor-image-box-content\"><h3 class=\"elementor-image-box-title\">Gutachtenerstellung<\/h3><p class=\"elementor-image-box-description\">Als vereidigter Sachverst\u00e4ndiger nach DIN EN ISO 17024 sind wir in der Lage, den exakten Schaden rechtssicher in unseren Gutachten festzuhalten. Hierzu ermitteln wir den Restwert Ihres Fahrzeugs, kalkulieren die Reparatur des Schadens und gehen auf weitere Besonderheiten ein.<\/p><\/div><\/div>\t\t<\/div>\n\t\t\t\t<\/div>\n\t\t\t\t\t\t<\/div>\n\t\t\t\t\t<\/div>\n\t\t<\/div>\n\t\t\t\t<div class=\"elementor-column elementor-col-25 elementor-inner-column elementor-element elementor-element-3050bfd2\" data-id=\"3050bfd2\" data-element_type=\"column\">\n\t\t\t<div class=\"elementor-column-wrap elementor-element-populated\">\n\t\t\t\t\t\t\t<div class=\"elementor-widget-wrap\">\n\t\t\t\t\t\t<div class=\"elementor-element elementor-element-35d4f79c elementor-position-top elementor-vertical-align-top elementor-widget elementor-widget-image-box\" data-id=\"35d4f79c\" data-element_type=\"widget\" data-widget_type=\"image-box.default\">\n\t\t\t\t<div class=\"elementor-widget-container\">\n\t\t\t<div class=\"elementor-image-box-wrapper\"><figure class=\"elementor-image-box-img\"><img width=\"100\" height=\"100\" src=\"https:\/\/kfzgutachter-osnabrueck.de\/wp-content\/uploads\/2021\/06\/icons8-rechnung-100.png\" class=\"attachment-full size-full\" alt=\"\" loading=\"lazy\" \/><\/figure><div class=\"elementor-image-box-content\"><h3 class=\"elementor-image-box-title\">Kosten\u00fcbernahme<\/h3><p class=\"elementor-image-box-description\">Nach Fertigstellung des Gutachtens erhalten Sie eine Kopie des Gutachtens und erhalten nach kurzer Zeit die Erstattung von der Versicherung. Alternativ dazu erwartet Sie bei gr\u00f6\u00dferen Reparaturen eine Kosten\u00fcbernahme f\u00fcr die ausf\u00fchrende Werkstatt und m\u00fcssen nichts bezahlen.<\/p><\/div><\/div>\t\t<\/div>\n\t\t\t\t<\/div>\n\t\t\t\t\t\t<\/div>\n\t\t\t\t\t<\/div>\n\t\t<\/div>\n\t\t\t\t\t\t\t\t<\/div>\n\t\t\t\t\t<\/div>\n\t\t<\/section>\n\t\t\t\t\t\t<\/div>\n\t\t\t\t\t<\/div>\n\t\t<\/div>\n\t\t\t\t\t\t\t\t<\/div>\n\t\t\t\t\t<\/div>\n\t\t<\/section>\n\t\t\t\t<section class=\"elementor-section elementor-top-section elementor-element elementor-element-12d15b6 elementor-reverse-mobile elementor-section-boxed elementor-section-height-default elementor-section-height-default\" data-id=\"12d15b6\" data-element_type=\"section\" data-settings=\"{&quot;background_background&quot;:&quot;classic&quot;}\">\n\t\t\t\t\t\t\t<div class=\"elementor-background-overlay\"><\/div>\n\t\t\t\t\t\t\t<div class=\"elementor-container elementor-column-gap-default\">\n\t\t\t\t\t\t\t<div class=\"elementor-row\">\n\t\t\t\t\t<div class=\"elementor-column elementor-col-100 elementor-top-column elementor-element elementor-element-7197aaf4\" data-id=\"7197aaf4\" data-element_type=\"column\">\n\t\t\t<div class=\"elementor-column-wrap elementor-element-populated\">\n\t\t\t\t\t\t\t<div class=\"elementor-widget-wrap\">\n\t\t\t\t\t\t<div class=\"elementor-element elementor-element-3cd976a4 elementor-widget elementor-widget-heading\" data-id=\"3cd976a4\" data-element_type=\"widget\" data-widget_type=\"heading.default\">\n\t\t\t\t<div class=\"elementor-widget-container\">\n\t\t\t<h2 class=\"elementor-heading-title elementor-size-default\">Ihr Kfz-Gutachter im Herzen Osnabr\u00fccks<\/h2>\t\t<\/div>\n\t\t\t\t<\/div>\n\t\t\t\t<div class=\"elementor-element elementor-element-6783d12b elementor-widget elementor-widget-text-editor\" data-id=\"6783d12b\" data-element_type=\"widget\" data-widget_type=\"text-editor.default\">\n\t\t\t\t<div class=\"elementor-widget-container\">\n\t\t\t\t\t\t\t\t<div class=\"elementor-text-editor elementor-clearfix\">\n\t\t\t\t<div class=\"sp4 left col-left\"><div id=\"c1553\" class=\"ctype-text\"><div class=\"article\"><p>Einer unserer gr\u00f6\u00dften Vorteile ist die zentrale Lage. Als Kfz-Gutachter in Osnabr\u00fcck sind wir dadurch schnell f\u00fcr Sie vor Ort und begleiten Sie bei m\u00f6glichen Schwierigkeiten. Vor allem bei Unfallgutachten kommt es auf ein schnelles und gutes Vorgehen an, welches wir Ihnen jederzeit erm\u00f6glichen. Auch f\u00fcr Wertgutachten oder zum Gebrauchtwagen Check stehen wir Ihnen immer direkt zur Verf\u00fcgung.<\/p><p>Sollten Sie ein Kurzgutachten w\u00fcnschen, ist dies nat\u00fcrlich ebenfalls kein Problem. Auch bei kleinen Parkplatzsch\u00e4den oder Schrammen lohnt es sich, einen f\u00e4higen Experten einzuschalten. Als Ihr Kfz-Gutachter aus Osnabr\u00fcck sorgen wir daf\u00fcr, dass Sie \u00fcber einen vollst\u00e4ndigen und anerkannten Nachweis verf\u00fcgen \u2013 denn auch Parkrempler k\u00f6nnen schnell zu vierstelligen Unfallsch\u00e4den f\u00fchren.<\/p><\/div><\/div><\/div>\t\t\t\t\t<\/div>\n\t\t\t\t\t\t<\/div>\n\t\t\t\t<\/div>\n\t\t\t\t\t\t<\/div>\n\t\t\t\t\t<\/div>\n\t\t<\/div>\n\t\t\t\t\t\t\t\t<\/div>\n\t\t\t\t\t<\/div>\n\t\t<\/section>\n\t\t\t\t<section class=\"elementor-section elementor-top-section elementor-element elementor-element-1a235680 elementor-section-boxed elementor-section-height-default elementor-section-height-default\" data-id=\"1a235680\" data-element_type=\"section\">\n\t\t\t\t\t\t<div class=\"elementor-container elementor-column-gap-default\">\n\t\t\t\t\t\t\t<div class=\"elementor-row\">\n\t\t\t\t\t<div class=\"elementor-column elementor-col-100 elementor-top-column elementor-element elementor-element-7d622ae2\" data-id=\"7d622ae2\" data-element_type=\"column\">\n\t\t\t<div class=\"elementor-column-wrap elementor-element-populated\">\n\t\t\t\t\t\t\t<div class=\"elementor-widget-wrap\">\n\t\t\t\t\t\t<div class=\"elementor-element elementor-element-38c3f69 elementor-widget elementor-widget-heading\" data-id=\"38c3f69\" data-element_type=\"widget\" data-widget_type=\"heading.default\">\n\t\t\t\t<div class=\"elementor-widget-container\">\n\t\t\t<h2 class=\"elementor-heading-title elementor-size-default\">FAQ<\/h2>\t\t<\/div>\n\t\t\t\t<\/div>\n\t\t\t\t<div class=\"elementor-element elementor-element-2d633ff7 elementor-widget elementor-widget-text-editor\" data-id=\"2d633ff7\" data-element_type=\"widget\" data-widget_type=\"text-editor.default\">\n\t\t\t\t<div class=\"elementor-widget-container\">\n\t\t\t\t\t\t\t\t<div class=\"elementor-text-editor elementor-clearfix\">\n\t\t\t\t<div class=\"sp4 left col-left\"><div id=\"c1553\" class=\"ctype-text\"><div class=\"article\"><p><strong>Wie funktioniert die Schadensregulierung mit der Versicherung?<\/strong><\/p><p>Durch unsere Arbeit als unabh\u00e4ngiger und zertifizierter Gutachter leiten wir das Gutachten nach einem Unfall direkt an die Versicherung der Gegenseite weiter. So steht einer z\u00fcgigen Pr\u00fcfung und Regulierung des Schadens nichts im Weg, wodurch Sie Ihre Kosten schnell ersetzt bekommen.<\/p><p><strong>In welchen F\u00e4llen werden die Kosten \u00fcbernommen?<\/strong><\/p><p>Sollten Sie den Unfall nicht verursacht haben, m\u00fcssen Sie f\u00fcr keine der entstandenen Kosten aufkommen. Dies gilt immer dann, wenn Ihr Unfallgegner 100 % der Schuld erh\u00e4lt. Bei geteilter Schuld entstehen zwar Kosten f\u00fcr Sie, diese werden hier jedoch von Ihrer Versicherung bezahlt.<\/p><p><strong>Warum sollten Sie ein Wertgutachten anfertigen lassen?<\/strong><\/p><p>Ein Wertgutachten Ihres Fahrzeugs ist immer dann sinnvoll, wenn ein Verkauf ansteht. So wissen Sie aus sicherer Quelle, was Sie f\u00fcr Ihr Fahrzeug verlangen k\u00f6nnen und welche Zugest\u00e4ndnisse gemacht werden m\u00fcssen. Entsprechende M\u00e4ngel werden im Wertgutachten selbstverst\u00e4ndlich aufgef\u00fchrt. Als Ihr Kfz-Gutachter gehen wir im Detail auf alle Aspekte ein, die den Wert Ihres Fahrzeugs ver\u00e4ndern.<\/p><p><strong>F\u00fcr welche Fahrzeuge lassen sich Gutachten anfertigen?<\/strong><\/p><p>In unserer Funktion als Kfz-Gutachter erstellen wir Gutachten f\u00fcr klassische PKW, speziell f\u00fcr Old- und Youngtimer, f\u00fcr Motorr\u00e4der, f\u00fcr Wohnmobile, f\u00fcr LKW, f\u00fcr fliegende Bauten und f\u00fcr Nutzanh\u00e4nger. Nehmen Sie am besten direkt zu uns Kontakt auf und lassen Sie sich f\u00fcr das jeweilige Gutachten von unserem Team ein individuelles Angebot erstellen.<\/p><p><strong>K\u00f6nnen Sie sich Ihren Kfz Gutachter aussuchen?<\/strong><\/p><p>Als Betroffener eines Unfalls haben Sie immer die M\u00f6glichkeit, selbst \u00fcber Ihren Kfz-Gutachter zu entscheiden. Lediglich die ausf\u00fchrende Werkstatt kann im Vertrag der Versicherung enthalten sein. Bei Begutachtungen, die nicht in Zusammenhang mit einem Unfall stehen, liegt die Wahl nat\u00fcrlich ebenfalls immer bei Ihnen. Wir begleiten Sie an dieser Stelle auch spontan bei Ihren Gutachten.<\/p><p><strong>Was qualifiziert uns zur Arbeit als Kfz-Gutachter?<\/strong><\/p><p>Wir sind als zertifizierte Sachverst\u00e4ndige gem\u00e4\u00df DIN EN ISO 17024 t\u00e4tig, was uns zur Begutachtung und Pr\u00fcfung von Fahrzeugen bef\u00e4higt. Zus\u00e4tzlich sind wir \u00f6ffentlich von der Handwerkskammer Osnabr\u00fcck-Emsland-Grafschaft Bentheim bestellt und als vereidigter Sachverst\u00e4ndiger f\u00fcr das Karosserie- und Fahrzeugbauerhandwerk zugelassen. \u00dcberzeugen Sie sich gerne selbst.<\/p><\/div><\/div><\/div>\t\t\t\t\t<\/div>\n\t\t\t\t\t\t<\/div>\n\t\t\t\t<\/div>\n\t\t\t\t<div class=\"elementor-element elementor-element-aedaafa elementor-widget elementor-widget-heading\" data-id=\"aedaafa\" data-element_type=\"widget\" data-widget_type=\"heading.default\">\n\t\t\t\t<div class=\"elementor-widget-container\">\n\t\t\t<h2 class=\"elementor-heading-title elementor-size-default\">Vereinbaren Sie jetzt Ihren Gutachten-Termin!<\/h2>\t\t<\/div>\n\t\t\t\t<\/div>\n\t\t\t\t<section class=\"elementor-section elementor-inner-section elementor-element elementor-element-83d99c0 elementor-section-boxed elementor-section-height-default elementor-section-height-default\" data-id=\"83d99c0\" data-element_type=\"section\">\n\t\t\t\t\t\t<div class=\"elementor-container elementor-column-gap-default\">\n\t\t\t\t\t\t\t<div class=\"elementor-row\">\n\t\t\t\t\t<div class=\"elementor-column elementor-col-50 elementor-inner-column elementor-element elementor-element-a9f0d03\" data-id=\"a9f0d03\" data-element_type=\"column\">\n\t\t\t<div class=\"elementor-column-wrap elementor-element-populated\">\n\t\t\t\t\t\t\t<div class=\"elementor-widget-wrap\">\n\t\t\t\t\t\t<div class=\"elementor-element elementor-element-299f8b3 elementor-widget__width-auto elementor-align-right elementor-widget elementor-widget-button\" data-id=\"299f8b3\" data-element_type=\"widget\" data-widget_type=\"button.default\">\n\t\t\t\t<div class=\"elementor-widget-container\">\n\t\t\t\t\t<div class=\"elementor-button-wrapper\">\n\t\t\t<a href=\"tel:+495461707091\" class=\"elementor-button-link elementor-button elementor-size-sm\" role=\"button\">\n\t\t\t\t\t\t<span class=\"elementor-button-content-wrapper\">\n\t\t\t\t\t\t\t<span class=\"elementor-button-icon elementor-align-icon-left\">\n\t\t\t\t<i aria-hidden=\"true\" class=\"fas fa-phone-alt\"><\/i>\t\t\t<\/span>\n\t\t\t\t\t\t<span class=\"elementor-button-text\">05461 \/ 707091<\/span>\n\t\t<\/span>\n\t\t\t\t\t<\/a>\n\t\t<\/div>\n\t\t\t\t<\/div>\n\t\t\t\t<\/div>\n\t\t\t\t\t\t<\/div>\n\t\t\t\t\t<\/div>\n\t\t<\/div>\n\t\t\t\t<div class=\"elementor-column elementor-col-50 elementor-inner-column elementor-element elementor-element-9a6dd9d\" data-id=\"9a6dd9d\" data-element_type=\"column\">\n\t\t\t<div class=\"elementor-column-wrap elementor-element-populated\">\n\t\t\t\t\t\t\t<div class=\"elementor-widget-wrap\">\n\t\t\t\t\t\t<div class=\"elementor-element elementor-element-09b1605 elementor-align-left elementor-widget__width-auto elementor-widget elementor-widget-button\" data-id=\"09b1605\" data-element_type=\"widget\" data-widget_type=\"button.default\">\n\t\t\t\t<div class=\"elementor-widget-container\">\n\t\t\t\t\t<div class=\"elementor-button-wrapper\">\n\t\t\t<a href=\"https:\/\/kfzgutachter-osnabrueck.de\/index.php\/kontakt\/\" class=\"elementor-button-link elementor-button elementor-size-sm\" role=\"button\">\n\t\t\t\t\t\t<span class=\"elementor-button-content-wrapper\">\n\t\t\t\t\t\t\t<span class=\"elementor-button-icon elementor-align-icon-left\">\n\t\t\t\t<i aria-hidden=\"true\" class=\"fas fa-caret-right\"><\/i>\t\t\t<\/span>\n\t\t\t\t\t\t<span class=\"elementor-button-text\">Zum Kontaktformular<\/span>\n\t\t<\/span>\n\t\t\t\t\t<\/a>\n\t\t<\/div>\n\t\t\t\t<\/div>\n\t\t\t\t<\/div>\n\t\t\t\t\t\t<\/div>\n\t\t\t\t\t<\/div>\n\t\t<\/div>\n\t\t\t\t\t\t\t\t<\/div>\n\t\t\t\t\t<\/div>\n\t\t<\/section>\n\t\t\t\t\t\t<\/div>\n\t\t\t\t\t<\/div>\n\t\t<\/div>\n\t\t\t\t\t\t\t\t<\/div>\n\t\t\t\t\t<\/div>\n\t\t<\/section>\n\t\t\t\t\t\t\t\t\t<\/div>\n\t\t\t<\/div>\n\t\t\t\t\t<\/div>\n\t\t","protected":false},"excerpt":{"rendered":"<p>Ihr Kfz-Gutachter Kfz-Gutachter Osnabr\u00fcckCarsten Reese Gute Gr\u00fcnde f\u00fcr einen unabh\u00e4ngigen Kfz-Gutachter W\u00e4hrend die Kfz-Gutachter der Versicherungen meist daran interessiert sind, den Schaden m\u00f6glichst gering einzusch\u00e4tzen, bleiben wir sachlich und neutral. Als Betroffener eines Unfalls haben Sie in vielen F\u00e4llen genug durchgemacht und m\u00f6chten sich nicht zus\u00e4tzlich mit Ihrer Versicherung streiten. Mit uns als Ihrem unabh\u00e4ngigen [&hellip;]<\/p>\n","protected":false},"author":1,"featured_media":0,"parent":0,"menu_order":0,"comment_status":"closed","ping_status":"closed","template":"elementor_header_footer","meta":[],"_links":{"self":[{"href":"https:\/\/kfzgutachter-osnabrueck.de\/index.php\/wp-json\/wp\/v2\/pages\/113"}],"collection":[{"href":"https:\/\/kfzgutachter-osnabrueck.de\/index.php\/wp-json\/wp\/v2\/pages"}],"about":[{"href":"https:\/\/kfzgutachter-osnabrueck.de\/index.php\/wp-json\/wp\/v2\/types\/page"}],"author":[{"embeddable":true,"href":"https:\/\/kfzgutachter-osnabrueck.de\/index.php\/wp-json\/wp\/v2\/users\/1"}],"replies":[{"embeddable":true,"href":"https:\/\/kfzgutachter-osnabrueck.de\/index.php\/wp-json\/wp\/v2\/comments?post=113"}],"version-history":[{"count":25,"href":"https:\/\/kfzgutachter-osnabrueck.de\/index.php\/wp-json\/wp\/v2\/pages\/113\/revisions"}],"predecessor-version":[{"id":196,"href":"https:\/\/kfzgutachter-osnabrueck.de\/index.php\/wp-json\/wp\/v2\/pages\/113\/revisions\/196"}],"wp:attachment":[{"href":"https:\/\/kfzgutachter-osnabrueck.de\/index.php\/wp-json\/wp\/v2\/media?parent=113"}],"curies":[{"name":"wp","href":"https:\/\/api.w.org\/{rel}","templated":true}]}}